nder when 15300 is divided by 51.
0
Calculate the remainder when 7443 is divided by 2441.
120
Calculate the remainder when 12772 is divided by 168.
4
Calculate the remainder when 460398 is divided by 716.
10
Calculate the remainder when 51385 is divided by 102.
79
What is the remainder when 617 is divided by 100?
17
What is the remainder when 129332 is divided by 8621?
17
Calculate the remainder when 429 is divided by 89.
73
Calculate the remainder when 69305 is divided by 269.
172
What is the remainder when 6290 is divided by 159?
89
Calculate the remainder when 127862 is divided by 90.
62
Calculate the remainder when 54002 is divided by 75.
2
Calculate the remainder when 552127 is divided by 18.
13
What is the remainder when 31638 is divided by 15516?
606
Calculate the remainder when 5314 is divided by 135.
49
What is the remainder when 199973 is divided by 18178?
15
What is the remainder when 9798 is divided by 26?
22
What is the remainder when 39474 is divided by 407?
402
What is the remainder when 416 is divided by 37?
9
Calculate the remainder when 1329200 is divided by 771.
767
Calculate the remainder when 40731 is divided by 496.
59
What is the remainder when 834 is divided by 208?
2
Calculate the remainder when 24875 is divided by 20.
15
What is the remainder when 24715 is divided by 6146?
131
What is the remainder when 5443 is divided by 2719?
5
Calculate the remainder when 184791 is divided by 311.
57
What is the remainder when 5443 is divided by 344?
283
Calculate the remainder when 6236 is divided by 1246.
6
Calculate the remainder when 54272 is divided by 224.
64
Calculate the remainder when 32205 is divided by 10576.
477
What is the remainder when 55713 is divided by 190?
43
Calculate the remainder when 62762 is divided by 131.
13
Calculate the remainder when 3969 is divided by 1966.
37
What is the remainder when 899 is divided by 179?
4
What is the remainder when 2179 is divided by 265?
59
Calculate the remainder when 415 is divided by 131.
22
What is the remainder when 10305 is divided by 542?
7
What is the remainder when 7732 is divided by 270?
172
Calculate the remainder when 1423189 is divided by 231.
229
What is the remainder when 2932 is divided by 29?
3
What is the remainder when 23306 is divided by 407?
107
Calculate the remainder when 1352 is divided by 202.
140
Calculate the remainder when 1889156 is divided by 1384.
1380
What is the remainder when 39244 is divided by 4902?
28
What is the remainder when 21218 is divided by 424?
18
What is the remainder when 12433 is divided by 47?
25
What is the remainder when 267657 is divided by 128?
9
What is the remainder when 30935 is divided by 148?
3
Calculate the remainder when 12201 is divided by 30.
21
Calculate the remainder when 9827 is divided by 4909.
9
Calculate the remainder when 71661 is divided by 212.
5
Calculate the remainder when 85322 is divided by 108.
2
What is the remainder when 3416 is divided by 866?
818
What is the remainder when 2033 is divided by 286?
31
Calculate the remainder when 8345 is divided by 8291.
54
Calculate the remainder when 22156 is divided by 568.
4
Calculate the remainder when 108693 is divided by 168.
165
What is the remainder when 24269 is divided by 24203?
66
Calculate the remainder when 10875 is divided by 1927.
1240
What is the remainder when 12573 is divided by 43?
17
Calculate the remainder when 419029 is divided by 139675.
4
Calculate the remainder when 7164 is divided by 1024.
1020
What is the remainder when 1596 is divided by 23?
9
Calculate the remainder when 115177 is divided by 407.
403
Calculate the remainder when 26910 is divided by 1305.
810
Calculate the remainder when 284 is divided by 39.
11
Calculate the remainder when 221761 is divided by 1746.
19
What is the remainder when 2685 is divided by 2459?
226
What is the remainder when 176398 is divided by 75?
73
What is the remainder when 17094 is divided by 114?
108
Calculate the remainder when 4050 is divided by 3812.
238
Calculate the remainder when 2254 is divided by 2117.
137
What is the remainder when 80998 is divided by 9?
7
Calculate the remainder when 133481 is divided by 11.
7
What is the remainder when 13997 is divided by 60?
17
Calculate the remainder when 264418 is divided by 156.
154
Calculate the remainder when 15774 is divided by 464.
462
What is the remainder when 51574 is divided by 182?
68
Calculate the remainder when 410647 is divided by 12.
7
Calculate the remainder when 8932 is divided by 8921.
11
What is the remainder when 17812 is divided by 17?
13
Calculate the remainder when 4171 is divided by 74.
27
Calculate the remainder when 127517 is divided by 223.
184
What is the remainder when 628055 is divided by 143?
142
Calculate the remainder when 16579 is divided by 614.
1
Calculate the remainder when 21945 is divided by 5485.
5
What is the remainder when 829 is divided by 414?
1
What is the remainder when 2827 is divided by 151?
109
Calculate the remainder when 40307 is divided by 40290.
17
What is the remainder when 302 is divided by 38?
36
Calculate the remainder when 5662 is divided by 7.
6
What is the remainder when 35904 is divided by 797?
39
Calculate the remainder when 47221 is divided by 159.
157
What is the remainder when 71113 is divided by 1248?
1225
Calculate the remainder when 13566 is divided by 149.
7
What is the remainder when 37622 is divided by 607?
595
What is the remainder when 1148845 is divided by 115?
110
What is the remainder when 71204 is divided by 43?
39
Calculate the remainder when 590743 is divided by 548.
547
Calculate the remainder when 24917 is divided by 4150.
17
Calculate the remainder when 72580 is divided by 14491.
125
What is the remainder when 119073 is divided by 48?
33
Calculate the remainder when 4254 is divided by 67.
33
Calculate the remainder when 7986 is divided by 1329.
12
What is the remainder when 874461 is divided by 509?
508
What is the remainder when 649771 is divided by 43?
41
Calculate the remainder when 6654 is divided by 11.
10
What is the remainder when 9688 is divided by 373?
363
Calculate the remainder when 12703 is divided by 843.
58
What is the remainder when 17019 is divided by 1522?
277
Calculate the remainder when 2317 is divided by 208.
29
Calculate the remainder when 27060 is divided by 26.
20
What is the remainder when 212209 is divided by 1434?
1411
Calculate the remainder when 26164 is divided by 6537.
16
What is the remainder when 1290 is divided by 293?
118
Calculate the remainder when 2662641 is divided by 564.
561
Calculate the remainder when 1273 is divided by 24.
1
What is the remainder when 29879 is divided by 854?
843
What is the remainder when 14721 is divided by 7355?
11
Calculate the remainder when 161 is divided by 92.
69
Calculate the remainder when 441447 is divided by 109.
106
Calculate the remainder when 2096 is divided by 269.
213
Calculate the remainder when 1369568 is divided by 7.
4
What is the remainder when 994 is divided by 948?
46
What is the remainder when 487 is divided by 112?
39
What is the remainder when 8023 is divided by 2673?
4
Calculate the remainder when 8768 is divided by 325.
318
Calculate the remainder when 5361 is divided by 374.
125
What is the remainder when 233228 is divided by 421?
415
Calculate the remainder when 181 is divided by 160.
21
Calculate the remainder when 28595 is divided by 20.
15
What is the remainder when 1450 is divided by 18?
10
Calculate the remainder when 12385 is divided by 203.
2
Calculate the remainder when 613239 is divided by 279.
276
What is the remainder when 139463 is divided by 274?
271
What is the remainder when 94939 is divided by 258?
253
What is the remainder when 19863 is divided by 505?
168
What is the remainder when 79734 is divided by 26562?
48
Calculate the remainder when 313242 is divided by 104.
98
Calculate the remainder when 80627 is divided by 374.
217
Calculate the remainder when 8478 is divided by 1196.
106
What is the remainder when 387 is divided by 63?
9
Calculate the remainder when 299663 is divided by 149827.
9
Calculate the remainder when 19331 is divided by 2760.
11
Calculate the remainder when 2434 is divided by 1212.
10
What is the remainder when 77042 is divided by 350?
42
Calculate t